{"id":7,"date":"2021-02-27T21:58:55","date_gmt":"2021-02-27T21:58:55","guid":{"rendered":"https:\/\/3dprint.benjaminbrunner.ch\/?page_id=7"},"modified":"2023-03-26T16:06:08","modified_gmt":"2023-03-26T16:06:08","slug":"home","status":"publish","type":"page","link":"https:\/\/3dprint.benjaminbrunner.ch\/","title":{"rendered":"Home"},"content":{"rendered":"\n<p class=\"has-medium-font-size\">Du m\u00f6chtest lernen wie man ein 3D-Objekt zu Hause drucken kann oder m\u00f6chtest dir deinen ersten 3D-Drucker kaufen?<\/p>\n\n\n\n<p class=\"has-text-align-center has-white-color has-luminous-vivid-amber-background-color has-text-color has-background has-medium-font-size\"><strong>Mit mir lernst du die ersten Schritte individuell!<\/strong><\/p>\n\n\n\n<p class=\"has-text-align-center has-background has-medium-font-size\" style=\"background-color:#fffde9\"><strong>Oder wir vertiefen ein Thema, wenn du die ersten Schritte bereits gemacht hast.<\/strong><\/p>\n\n\n<div class=\"wp-block-image\">\n<figure class=\"aligncenter\"><img loading=\"lazy\" decoding=\"async\" width=\"1024\" height=\"768\" src=\"https:\/\/3dprint.benjaminbrunner.ch\/wp-content\/uploads\/2021\/05\/3dprint_showcase-1024x768.jpg\" alt=\"\" class=\"wp-image-24\" srcset=\"https:\/\/3dprint.benjaminbrunner.ch\/wp-content\/uploads\/2021\/05\/3dprint_showcase-1024x768.jpg 1024w, https:\/\/3dprint.benjaminbrunner.ch\/wp-content\/uploads\/2021\/05\/3dprint_showcase-300x225.jpg 300w, https:\/\/3dprint.benjaminbrunner.ch\/wp-content\/uploads\/2021\/05\/3dprint_showcase-768x576.jpg 768w, https:\/\/3dprint.benjaminbrunner.ch\/wp-content\/uploads\/2021\/05\/3dprint_showcase-1536x1152.jpg 1536w, https:\/\/3dprint.benjaminbrunner.ch\/wp-content\/uploads\/2021\/05\/3dprint_showcase-2048x1536.jpg 2048w, https:\/\/3dprint.benjaminbrunner.ch\/wp-content\/uploads\/2021\/05\/3dprint_showcase-1200x900.jpg 1200w\" sizes=\"auto, (max-width: 1024px) 100vw, 1024px\" \/><\/figure>\n<\/div>\n\n\n<div class=\"wp-block-columns is-layout-flex wp-container-core-columns-is-layout-9d6595d7 wp-block-columns-is-layout-flex\">\n<div class=\"wp-block-column is-layout-flow wp-block-column-is-layout-flow\">\n<p class=\"has-medium-font-size\">Was sind deine Ziele?<\/p>\n\n\n\n<ul class=\"wp-block-list\">\n<li>Neugierde auf neue Technologie?<\/li>\n\n\n\n<li>Innovatives Hobby?<\/li>\n\n\n\n<li>Eigene Teile f\u00fcr den Haushalt herstellen?<\/li>\n<\/ul>\n<\/div>\n\n\n\n<div class=\"wp-block-column is-layout-flow wp-block-column-is-layout-flow\">\n<div class=\"wp-block-group\"><div class=\"wp-block-group__inner-container is-layout-flow wp-block-group-is-layout-flow\">\n<div class=\"wp-block-columns is-layout-flex wp-container-core-columns-is-layout-9d6595d7 wp-block-columns-is-layout-flex\">\n<div class=\"wp-block-column is-layout-flow wp-block-column-is-layout-flow\" style=\"flex-basis:100%\">\n<div class=\"wp-block-columns is-layout-flex wp-container-core-columns-is-layout-9d6595d7 wp-block-columns-is-layout-flex\">\n<div class=\"wp-block-column is-layout-flow wp-block-column-is-layout-flow\" style=\"flex-basis:100%\"><\/div>\n<\/div>\n<\/div>\n<\/div>\n\n\n\n<p class=\"has-medium-font-size\">Alle diese Ziele lassen sich inzwischen auch f\u00fcr Einsteiger erreichen, dank der Weiterentwicklung und Erschwinglichkeit der daf\u00fcr ben\u00f6tigten 3D-Drucker und Tools.<\/p>\n<\/div><\/div>\n<\/div>\n<\/div>\n\n\n\n<p class=\"has-medium-font-size\">Zur Verf\u00fcgung stehen zwei typische 3D-Drucker, ausgerichtet f\u00fcr den unkomplizierten Privat-Gebrauch. Wir k\u00f6nnen somit an zwei Druckern gleichzeitig operieren oder du bringst einen Freund\/In mit und jeder macht seine eigene Erfahrung. Auch ein Computer steht bereit f\u00fcr das Anpassen und Vorbereiten der Druckobjekte.<\/p>\n\n\n\n<p><\/p>\n\n\n\n<figure class=\"wp-block-pullquote has-border-color\" style=\"border-color:#fcb900\"><blockquote><p><em>3D-Drucken gewinnt an Beliebtheit und wird in einigen Jahren fast so normal sein wie einen Brief zu drucken.<\/em><\/p><\/blockquote><\/figure>\n\n\n\n<h2 class=\"wp-block-heading\">Erste Schritte<\/h2>\n\n\n\n<ul class=\"wp-block-list\">\n<li>Wie funktioniert ein 3D-Drucker? Und welcher eignet sich f\u00fcr mich?<\/li>\n\n\n\n<li>Was gibt es f\u00fcr Materialien und was sind die Unterschiede?<\/li>\n\n\n\n<li>Wie mache ich Objekte bereit zum ausdrucken?<\/li>\n\n\n\n<li>Wie stelle ich den 3D-Drucker richtig ein?<\/li>\n\n\n\n<li>Wie meistere ich die g\u00e4ngisten Schwierigkeiten, die auftreten k\u00f6nnen?<\/li>\n<\/ul>\n\n\n\n<p class=\"has-text-align-center has-medium-font-size\">Dies alles lernst du mit mir gemeinsam in der Praxis, w\u00e4hrend wir <strong>deinen ersten Gegenstand<\/strong> ausdrucken!<\/p>\n\n\n\n<div class=\"wp-block-cover alignwide is-light is-position-center-center\" style=\"min-height:375px;aspect-ratio:unset;\"><span aria-hidden=\"true\" class=\"wp-block-cover__background has-luminous-vivid-amber-background-color has-background-dim-40 has-background-dim\"><\/span><img loading=\"lazy\" decoding=\"async\" width=\"2560\" height=\"1920\" class=\"wp-block-cover__image-background wp-image-27\" alt=\"\" src=\"https:\/\/3dprint.benjaminbrunner.ch\/wp-content\/uploads\/2021\/05\/3dprint_material-scaled.jpg\" style=\"object-position:48% 69%\" data-object-fit=\"cover\" data-object-position=\"48% 69%\" srcset=\"https:\/\/3dprint.benjaminbrunner.ch\/wp-content\/uploads\/2021\/05\/3dprint_material-scaled.jpg 2560w, https:\/\/3dprint.benjaminbrunner.ch\/wp-content\/uploads\/2021\/05\/3dprint_material-300x225.jpg 300w, https:\/\/3dprint.benjaminbrunner.ch\/wp-content\/uploads\/2021\/05\/3dprint_material-1024x768.jpg 1024w, https:\/\/3dprint.benjaminbrunner.ch\/wp-content\/uploads\/2021\/05\/3dprint_material-768x576.jpg 768w, https:\/\/3dprint.benjaminbrunner.ch\/wp-content\/uploads\/2021\/05\/3dprint_material-1536x1152.jpg 1536w, https:\/\/3dprint.benjaminbrunner.ch\/wp-content\/uploads\/2021\/05\/3dprint_material-2048x1536.jpg 2048w, https:\/\/3dprint.benjaminbrunner.ch\/wp-content\/uploads\/2021\/05\/3dprint_material-1200x900.jpg 1200w\" sizes=\"auto, (max-width: 2560px) 100vw, 2560px\" \/><div class=\"wp-block-cover__inner-container is-layout-flow wp-block-cover-is-layout-flow\">\n<p class=\"has-text-align-center has-text-color\" style=\"color:#fffffa;font-size:74px;line-height:1.1\"><strong>Melde dich bei mir!<\/strong><\/p>\n<\/div><\/div>\n\n\n\n<div class=\"wp-block-contact-form-7-contact-form-selector\">\n<div class=\"wpcf7 no-js\" id=\"wpcf7-f41-o1\" lang=\"en-US\" dir=\"ltr\" data-wpcf7-id=\"41\">\n<div class=\"screen-reader-response\"><p role=\"status\" aria-live=\"polite\" aria-atomic=\"true\"><\/p> <ul><\/ul><\/div>\n<form action=\"\/index.php?rest_route=%2Fwp%2Fv2%2Fpages%2F7#wpcf7-f41-o1\" method=\"post\" class=\"wpcf7-form init\" aria-label=\"Contact form\" novalidate=\"novalidate\" data-status=\"init\">\n<fieldset class=\"hidden-fields-container\"><input type=\"hidden\" name=\"_wpcf7\" value=\"41\" \/><input type=\"hidden\" name=\"_wpcf7_version\" value=\"6.1.4\" \/><input type=\"hidden\" name=\"_wpcf7_locale\" value=\"en_US\" \/><input type=\"hidden\" name=\"_wpcf7_unit_tag\" value=\"wpcf7-f41-o1\" \/><input type=\"hidden\" name=\"_wpcf7_container_post\" value=\"0\" \/><input type=\"hidden\" name=\"_wpcf7_posted_data_hash\" value=\"\" \/>\n<\/fieldset>\n<p><label> Dein Name<br \/>\n<span class=\"wpcf7-form-control-wrap\" data-name=\"your-name\"><input size=\"40\" maxlength=\"400\" class=\"wpcf7-form-control wpcf7-text wpcf7-validates-as-required\" aria-required=\"true\" aria-invalid=\"false\" value=\"\" type=\"text\" name=\"your-name\" \/><\/span> <\/label>\n<\/p>\n<p><label> Deine E-Mail<br \/>\n<span class=\"wpcf7-form-control-wrap\" data-name=\"your-email\"><input size=\"40\" maxlength=\"400\" class=\"wpcf7-form-control wpcf7-email wpcf7-validates-as-required wpcf7-text wpcf7-validates-as-email\" aria-required=\"true\" aria-invalid=\"false\" value=\"\" type=\"email\" name=\"your-email\" \/><\/span> <\/label>\n<\/p>\n<p><label> Deine Nachricht<br \/>\n<span class=\"wpcf7-form-control-wrap\" data-name=\"your-message\"><textarea cols=\"40\" rows=\"10\" maxlength=\"2000\" class=\"wpcf7-form-control wpcf7-textarea\" aria-invalid=\"false\" name=\"your-message\"><\/textarea><\/span> <\/label>\n<\/p>\n<p><input class=\"wpcf7-form-control wpcf7-submit has-spinner\" type=\"submit\" value=\"Submit\" \/>\n<\/p><div class=\"wpcf7-response-output\" aria-hidden=\"true\"><\/div>\n<\/form>\n<\/div>\n<\/div>\n\n\n\n<hr class=\"wp-block-separator has-css-opacity\"\/>\n\n\n\n<div class=\"wp-block-media-text alignwide has-media-on-the-right is-stacked-on-mobile\" style=\"grid-template-columns:auto 33%\"><div class=\"wp-block-media-text__content\">\n<p class=\"has-large-font-size\">Vertiefungsthemen<\/p>\n\n\n\n<ul class=\"wp-block-list\">\n<li>Wie passe ich 3D-Dateien m\u00f6glichst einfach individuell an meine Bed\u00fcrfnisse an?<\/li>\n\n\n\n<li>Wie lese ich oder bearbeite ich den Maschinencode eines druckbereiten Objektes?<\/li>\n\n\n\n<li>Wie optimiere ich mein Druckergebnis?<\/li>\n\n\n\n<li>Wie kann ich ein zweifarbiges Objekt drucken?<\/li>\n\n\n\n<li>Was gibt es f\u00fcr Verbesserungen und Zusatzfunktionen f\u00fcr meinen 3D-Drucker?<\/li>\n\n\n\n<li>&#8230;und noch vieles mehr<\/li>\n<\/ul>\n<\/div><figure class=\"wp-block-media-text__media\"><img loading=\"lazy\" decoding=\"async\" width=\"768\" height=\"1024\" src=\"https:\/\/3dprint.benjaminbrunner.ch\/wp-content\/uploads\/2021\/05\/3dprint_dualextruder-768x1024.jpg\" alt=\"\" class=\"wp-image-25 size-full\" srcset=\"https:\/\/3dprint.benjaminbrunner.ch\/wp-content\/uploads\/2021\/05\/3dprint_dualextruder-768x1024.jpg 768w, https:\/\/3dprint.benjaminbrunner.ch\/wp-content\/uploads\/2021\/05\/3dprint_dualextruder-225x300.jpg 225w, https:\/\/3dprint.benjaminbrunner.ch\/wp-content\/uploads\/2021\/05\/3dprint_dualextruder-1152x1536.jpg 1152w, https:\/\/3dprint.benjaminbrunner.ch\/wp-content\/uploads\/2021\/05\/3dprint_dualextruder-1536x2048.jpg 1536w, https:\/\/3dprint.benjaminbrunner.ch\/wp-content\/uploads\/2021\/05\/3dprint_dualextruder-900x1200.jpg 900w, https:\/\/3dprint.benjaminbrunner.ch\/wp-content\/uploads\/2021\/05\/3dprint_dualextruder-scaled.jpg 1920w\" sizes=\"auto, (max-width: 768px) 100vw, 768px\" \/><\/figure><\/div>\n\n\n\n<figure class=\"wp-block-pullquote is-style-default has-border-color\" style=\"border-color:#fcb900\"><blockquote><p>Ich selbst arbeite beruflich in der Informatik und besch\u00e4ftige mich auch privat gerne mit neuen, innovativen Technologien und allerlei Tech-Gadgets. Besonders Spass macht mir dabei das 3D-Drucken und diese Kenntnisse auf einfache und verst\u00e4ndliche Art weiterzugeben. Weitere Hobbys in die ich mein Interesse und Tatendrang investiert habe, sind zum Beispiel Kamera-Drohnen zur Produktion von coolen Clips und allerlei Spielereien mit dem Mini-Computer namens &#8220;Raspberry Pi&#8221;, zum Beispiel als Spotify-Radio oder Retro-Gameconsole.<\/p><\/blockquote><\/figure>\n","protected":false},"excerpt":{"rendered":"<p>Du m\u00f6chtest lernen wie man ein 3D-Objekt zu Hause drucken kann oder m\u00f6chtest dir deinen ersten 3D-Drucker kaufen? Mit mir lernst du die ersten Schritte individuell! Oder wir vertiefen ein Thema, wenn du die ersten Schritte bereits gemacht hast. Was sind deine Ziele? Alle diese Ziele lassen sich inzwischen auch f\u00fcr Einsteiger erreichen, dank der &hellip; <\/p>\n<p class=\"link-more\"><a href=\"https:\/\/3dprint.benjaminbrunner.ch\/\" class=\"more-link\">Continue reading<span class=\"screen-reader-text\"> &#8220;Home&#8221;<\/span><\/a><\/p>\n","protected":false},"author":1,"featured_media":0,"parent":0,"menu_order":0,"comment_status":"closed","ping_status":"closed","template":"template-home.php","meta":{"footnotes":""},"class_list":["post-7","page","type-page","status-publish","hentry"],"_links":{"self":[{"href":"https:\/\/3dprint.benjaminbrunner.ch\/index.php?rest_route=\/wp\/v2\/pages\/7","targetHints":{"allow":["GET"]}}],"collection":[{"href":"https:\/\/3dprint.benjaminbrunner.ch\/index.php?rest_route=\/wp\/v2\/pages"}],"about":[{"href":"https:\/\/3dprint.benjaminbrunner.ch\/index.php?rest_route=\/wp\/v2\/types\/page"}],"author":[{"embeddable":true,"href":"https:\/\/3dprint.benjaminbrunner.ch\/index.php?rest_route=\/wp\/v2\/users\/1"}],"replies":[{"embeddable":true,"href":"https:\/\/3dprint.benjaminbrunner.ch\/index.php?rest_route=%2Fwp%2Fv2%2Fcomments&post=7"}],"version-history":[{"count":19,"href":"https:\/\/3dprint.benjaminbrunner.ch\/index.php?rest_route=\/wp\/v2\/pages\/7\/revisions"}],"predecessor-version":[{"id":57,"href":"https:\/\/3dprint.benjaminbrunner.ch\/index.php?rest_route=\/wp\/v2\/pages\/7\/revisions\/57"}],"wp:attachment":[{"href":"https:\/\/3dprint.benjaminbrunner.ch\/index.php?rest_route=%2Fwp%2Fv2%2Fmedia&parent=7"}],"curies":[{"name":"wp","href":"https:\/\/api.w.org\/{rel}","templated":true}]}}